
-3004276
In base 11, what is -106 + 9322?
9217
In base 11, what is 2 - 24600102?
-24600100
In base 16, what is 340a9 - 2a1?
33e08
In base 7, what is 2 - 231653444?
-231653442
In base 9, what is 1785561 + -13?
1785547
In base 16, what is 82 - b3078?
-b2ff6
In base 9, what is -3 + -2813287?
-2813301
In base 3, what is 200 + -2101021122000?
-2101021121100
In base 4, what is 122 + -111333020?
-111332232
In base 9, what is 6434722675 + 5?
6434722681
In base 12, what is -1baa + 321?
-1889
In base 8, what is 33252 - 55341?
-22067
In base 13, what is -9260c - -4a?
-92592
In base 8, what is -16701 + 171?
-16510
In base 4, what is 10002132 + -1003031?
2333101
In base 12, what is -3 + 53aa594?
53aa591
In base 4, what is -1032112111 - 112?
-1032112223
In base 11, what is 1011 - -6068?
7079
In base 7, what is 53253 - -135?
53421
In base 14, what is -2a86c - a9?
-2a937
In base 15, what is 1134 + -371?
cb3
In base 7, what is 2 + 4250346?
4250351
In base 4, what is 11003303 - 212310?
10130333
In base 10, what is 119926 - 2384?
117542
In base 8, what is 116773 - 35055?
61716
In base 9, what is 804 - -272850?
273754
In base 4, what is 110031221 - -223?
110032110
In base 15, what is -99 + 1aea9?
1ae10
In base 7, what is 34343 - -15406?
53052
In base 7, what is -2201355135 + 11?
-2201355124
In base 3, what is 2022110020222021 - -1?
2022110020222022
In base 6, what is 2414201323 + -34?
2414201245
In base 3, what is 2011110200102 + 11?
2011110200120
In base 3, what is 2 + -11210122202002?
-11210122202000
In base 15, what is -6622 + bd?
-6554
In base 9, what is 2002 - -218351?
221353
In base 10, what is 704 + -34449?
-33745
In base 3, what is -10 + 10011211020002202?
10011211020002122
In base 16, what is -3 + -2407174?
-2407177
In base 14, what is -45d25 + -4b?
-45d72
In base 8, what is -76245040 + 77?
-76244741
In base 5, what is 1141000011 + 4?
1141000020
In base 5, what is 140343 + 241020?
431413
In base 14, what is -1d7b5d56 - -6?
-1d7b5d50
In base 5, what is -3 - -1044401402?
1044401344
In base 5, what is 1000324 + 243001?
1243330
In base 3, what is -111122202100110 + 11?
-111122202100022
In base 8, what is -345602470 - -1?
-345602467
In base 5, what is -12013204332 - -10?
-12013204322
In base 5, what is -2 + -24303213102?
-24303213104
In base 3, what is -20220 - -10122110201?
10122012211
In base 15, what is -b0a + 4b2?
-648
In base 9, what is 3 - -448538786?
448538800
In base 8, what is -424305 - 231?
-424536
In base 12, what is 547302 - 80?
547242
In base 10, what is 33592 + -124?
33468
In base 13, what is 2 + -12c410?
-12c40b
In base 3, what is 2120201122101 - 112022?
2120201010002
In base 4, what is -1330133130 + -22123?
-1330221313
In base 12, what is 2 + -6122087?
-6122085
In base 16, what is 15df28 - -3?
15df2b
In base 12, what is -26026aa - -16?
-2602694
In base 11, what is -116847 + 90?
-116767
In base 3, what is -1212021 - 202100002210?
-202101222001
In base 7, what is 13304464155 + 0?
13304464155
In base 7, what is -32114 - 1464?
-33611
In base 4, what is 311200311 + -2303?
311132002
In base 16, what is 129 - -2d9ef?
2db18
In base 16, what is 4b - -7f8ec?
7f937
In base 3, what is 202122102000122012 + 0?
202122102000122012
In base 14, what is -39 + 249d2?
24997
In base 14, what is -61c - -1127?
909
In base 12, what is -18a785 - -14?
-18a771
In base 10, what is 4 + -57394310?
-57394306
In base 8, what is 37225374 - -26?
37225422
In base 15, what is 1267 + -2486?
-121e
In base 12, what is 85b4 + -212b?
6485
In base 4, what is 1030132 + -30232212?
-23202020
In base 12, what is -132 - 445418?
-44554a
In base 9, what is 0 + 367148816?
367148816
In base 13, what is -164ba - 2a?
-16517
In base 14, what is 2c - 271b95?
-271b67
In base 9, what is -1 + 7017311?
7017310
In base 16, what is 265 - 25c7?
-2362
In base 6, what is -10522 - 201041?
-212003
In base 11, what is -5 + -a60214?
-a60219
In base 6, what is 1005335511 + 1?
1005335512
In base 5, what is -22343313043 - 0?
-22343313043
In base 5, what is -10041044 + 200210?
-4340334
In base 14, what is 4 + -19c0551c?
-19c05518
In base 5, what is -44003 + -14404?
-113412
In base 6, what is 4 + -11502425511?
-11502425503
In base 7, what is 1226634205 + -4?
1226634201
In base 8, what is 731 + -1476330?
-1475377
In base 8, what is -22206 + 1006?
-21200
In base 8, what is -711 + -416000?
-416711
In base 6, what is 5 - -10241152433?
10241152442
In base 10, what is 585043 + -65?
584978
In base 3, what is 2020 + 12210112120?
12210121210
In base 12, what is 5 - 6a9b928b?
-6a9b9286
In base 16, what is -5 - 220d85?
-220d8a
In base 10, what is 192499 + -30?
192469
In base 16, what is -3cc7b - 48e?
-3d109
In base 9, what is -1088 - 10075?
-11174
In base 7, what is -1405101153 - -1?
-1405101152
In base 5, what is -20101 - 4031333?
-4101434
In base 15, what is 6 + -72c992?
-72c98b
In base 13, what is 4 - 140c1b7?
-140c1b3
In base 7, what is -112 - -3266?
3154
In base 16, what is -4 - -b8068?
b8064
In base 12, what is 45498 + -99?
453bb
In base 15, what is 0 + -5d4039c?
-5d4039c
In base 8, what is -3311772 + -10?
-3312002
In base 4, what is -11201 + 313123111?
313111310
In base 9, what is 2862428 - 10?
2862418
In base 8, what is -24607347 - 54?
-24607423
In base 3, what is 2120112021 - -10211?
2120200002
In base 11, what is 691 + -1686?
-aa5
In base 14, what is 2 - 9ab7b2?
-9ab7b0
In base 3, what is -212022220122 - -22?
-212022220100
In base 5, what is 22140140 - -30?
22140220
In base 3, what is -122202121021 + -12?
-122202121110
In base 13, what is -13 - -43505?
434c2
In base 15, what is -9 + -220660?
-220669
In base 2, what is -100 - 1011001110111101101?
-1011001110111110001
In base 12, what is -216 + -34aa?
-3704
In base 16, what is 44c54fa + 2?
44c54fc
In base 5, what is -2143311200 + -2?
-2143311202
In base 15, what is -1c7e + -ab7?
-2846
In base 12, what is -5990bb + -12?
-599111
In base 13, what is -1661026 - 2?
-1661028
In base 4, what is -2321313 - -2021?
-2313232
In base 9, what is 482855277 - -4?
482855282
In base 7, what is -2020653 + 2551?
-2015102
In base 8, what is -43 - -12707161?
12707116
In base 9, what is -5 - 7261840?
-7261845
In base 6, what is 1034054 + -343?
1033311
In base 15, what is -1688a4 - 8d?
-168942
In base 7, what is 2361200 - -1001?
2362201
In base 7, what is -3362105 - 36?
-3362144
In base 5, what is -1 + -331341013?
-331341014
In base 5, what is 20 + -4133223?
-4133203
In base 14, what is -21141d40 + -1?
-21141d41
In base 2, what is 11100110111010101 + 11101100?
11100111011000001
In base 4, what is -200011 - 1333322?
-2133333
In base 9, what is 20 - 4285753?
-4285733
In base 13, what is -70ac22 + 146?
-70aaa9
In base 13, what is -342 - -3077?
2a35
In base 10, what is -67368 + 7?
-67361
In base 2, what is -10011 + 1011001101001001100111?
1011001101001001010100
In base 4, what is -21221 + 1102323?
1021102
In base 6, what is -133114 + -43052?
-220210
In base 4, what is 202310 + 1231130?
2100100
In base 8, what is -13 + 17242407?
17242374
In base 16, what is 61f04 + 1e?
61f22
In base 15, what is 11dcdb7 + -2?
11dcdb5
In base 13, what is -3b235ca + -a?
-3b23607
In base 3, what is -2100210102 - -10120120?
-2020012212
In base 16, what is -67 - 1ef6e?
-1efd5
In base 2, what is 1110110001001000010 + 110000001?
1110110001111000011
In base 14, what is -3b + 1358732?
13586d5
In base 16, what is 10b65d0 + -3?
10b65cd
In base 9, what is 2807482 - 0?
2807482
In base 2, what is -1001101001011 - 11101111111110?
-100111101001001
In base 13, what is 39aca + 9?
39b06
In base 8, what is 1 - 4317110?
-4317107
In base 9, what is 15800570 - 7?
15800562
In base 12, what is -81920 - 351?
-82071
In base 16, what is -e119 - -c06?
-d513
In base 16, what is -1557 + 27f8f?
26a38
In base 10, what is -13202 - -31268?
18066
In base 3, what is 202221000022 - -202122?
202221202221
In base 2, what is -1000001011001 - -10001?
-1000001001000
In base 14, what is -b43 + 1d014?
1c2b1
In base 14, what is -b88d - d17?
-c7a6
In base 6, what is 4 + 352055512?
352055520
In base 2, what is 0 - 1001000000011100011110?
-1001000000011100011110
In base 4, what is -322031 - -1210130?
222033
In base 16, what is -63 + 4a72a?
4a6c7
In base 9, what is -51112375 + 5?
-51112370
In base 2, what is -1110010001101 - -1100101011?
-1100101100010
In b